What are the prime factors of u?
5, 47
List the prime factors of -4 + (2 - -379) - 4.
373
Let h be -6*5/(50/35). List the prime factors of 1524/21 - (-12)/h.
2, 3
Let y be (1 - 1)*-1 + (-39)/(-13). Suppose -7*z + 296 = -y*z. What are the prime factors of z?
2, 37
Let n(s) = 8*s**2 + 4*s + 3*s**2 - 23 + s - s**3. List the prime factors of n(7).
2, 13
Let o = 11 + -8. Suppose -o*q + 4*q = 3. Let d(b) = b**2 + 3*b + 2. What are the prime factors of d(q)?
2, 5
Suppose 5*c + 888 = 3*t, c = 2*t - 2*c - 592. Suppose -g - 5*m = -30 - 92, m = -3*g + t. List the prime factors of g.
97
Let f(d) = -15*d**3 + 2*d**2 + 2*d + 1. Let y be f(-1). Let v = y - 13. Suppose -v*p = -53 - 25. What are the prime factors of p?
2, 13
What are the prime factors of (-2 - 0 - -1*3)*313?
313
Let x = 2641 + -1156. What are the prime factors of x?
3, 5, 11
Let k be ((-2379)/(-15) - 2) + 2/5. Let c = 33 + k. List the prime factors of c.
2, 5, 19
Let j = -39 + 172. What are the prime factors of j?
7, 19
Let n(i) = i**3 - 4*i**2 + 4*i - 28. What are the prime factors of n(11)?
863
Let w = 89 + 117. What are the prime factors of w?
2, 103
Suppose 4*a - 63 = 65. Suppose 9*i = i + a. What are the prime factors of i?
2
Let v(z) = 2620*z**3 + 6*z**2 - 4*z - 1. List the prime factors of v(1).
2621
Let g = 7255 - 1104. List the prime factors of g.
6151
Let f = 286 + -227. What are the prime factors of f?
59
Let q be 4 - (-2 - -3)*-1. Let w be -1 + (-5)/(q/(-14)). Suppose 7 = i - w. List the prime factors of i.
2, 5
Suppose 474 = 18*d - 16*d. Let y = d + -101. What are the prime factors of y?
2, 17
Let h = -27 + 29. Suppose -143 = -3*f - 2*m - 554, 284 = -h*f + 2*m. Let n = -62 - f. What are the prime factors of n?
7, 11
Suppose 13*f + 9177 = 36*f. What are the prime factors of f?
3, 7, 19
What are the prime factors of 2 + 171 + -2 + -1?
2, 5, 17
Suppose -4*k = k - 185. Let w = 73 - k. List the prime factors of w.
2, 3
Suppose 8*l - 552 = 4*l. What are the prime factors of (3/3)/(2/l)?
3, 23
Suppose -1730 + 590 = -5*a. Suppose 2*u - q = 2*q + 98, 4*u = -2*q + a. Let t = u + -32. List the prime factors of t.
23
Let p = -6 + 7. Let y be 42 + (0 - 2)/p. Suppose 0 = 3*m - 20 - y. What are the prime factors of m?
2, 5
Suppose -3*f + b + 10 = 0, 4*f + b + 1 = 5. Suppose -2*y + f*w + 49 = w, -51 = -2*y - w. What are the prime factors of y?
5
Suppose -5*l + a + 109 = 0, 5*a + 55 = 3*l - 28. Let z = l - -43. What are the prime factors of z?
2
Let h = 37 + -37. Suppose h = -3*a + x + 218, 2*a - 74 = -4*x + 48. What are the prime factors of a?
71
Let n(f) be the first derivative of 11/2*f**2 - 2 + 9*f + 2/3*f**3. What are the prime factors of n(-8)?
7
Suppose 0 = -3*b + o + 1, -3*b + 3*o = -o + 14. Suppose 3*p + 179 = 5*z + p, b*z - 68 = 2*p. What are the prime factors of z?
37
Let w = -1168 + 1660. List the prime factors of w.
2, 3, 41
Let p(i) = i + i**3 + 3 - i**2 + 6 - 2*i**3 + 8. Let h be p(0). Suppose -13 = -2*d + h. What are the prime factors of d?
3, 5
Let k(m) = -134*m - 91. What are the prime factors of k(-13)?
13, 127
Let f = -145 + 582. What are the prime factors of f?
19, 23
Let m(k) = -13 + 3 + 6*k + 4*k - k**2. Suppose 3*z - 4*a - 25 = 0, -z - 3*a + 11 = z. List the prime factors of m(z).
11
Let w = -5 + 10. Suppose x + 4*v = v - 5, -v - 39 = w*x. List the prime factors of (-330)/x - 7/28.
41
Suppose 0 = 3*t - 5*g - 610, 5*g + 235 = t + 35. List the prime factors of t.
5, 41
Let t(q) be the second derivative of -q**5/20 + 5*q**4/6 + q**3/3 + 5*q**2/2 + 161*q - 2. Let z be (-10)/(1*(1 - 2)). List the prime factors of t(z).
5
What are the prime factors of ((-6984)/(-15))/(13/10 - 1)?
2, 97
List the prime factors of (-28217)/(-13) - (-18)/39.
13, 167
Suppose 0 = -p + 3*q - 5*q + 3, -5*q + 8 = 3*p. List the prime factors of (p/8*92)/(1/4).
2, 23
Let u be 1 + 2 - (0 - 0). Let s be (u/(-5))/((-1)/45). Let n = s - 5. List the prime factors of n.
2, 11
Let o(l) = 92*l**3 + 2*l**2 + 2*l - 3. List the prime factors of o(1).
3, 31
Let y = 24 + -24. Let t = y - 27. Let p = 41 + t. What are the prime factors of p?
2, 7
Suppose -125*s + 120*s = 60. List the prime factors of ((-92)/s + -1)/(2/69).
2, 5, 23
Let d = -12 - -11. Let b be (4/(-8))/(d/2). Suppose -3*v - b + 7 = 0. List the prime factors of v.
2
Suppose -l + 2*a = -12, 2*l + a = 3*a + 20. Let r = l + -13. List the prime factors of 324/(-30)*r/2.
3
Suppose 3*d - 28 = -10. Suppose -3*h - 6 - d = 0. What are the prime factors of h/(-3)*(-21)/(-14)?
2
Suppose 1255 = 77*i - 72*i. What are the prime factors of i?
251
Suppose 9355 = 30*x - 25*x. List the prime factors of x.
1871
Suppose c - 6*c = -20. Suppose 0 = -3*a + 3*b, c + 10 = 3*a + 4*b. Suppose -a = -2*d, 5*t = 3*d + 103 - 16. What are the prime factors of t?
2, 3
Let c be (-4)/14 - 74/(-14). Suppose 5*s = 0, -c*j + 2*s = -2*s. Suppose -h - 2*h + 117 = j. List the prime factors of h.
3, 13
Let j be 6/4 - 1444/(-8). Suppose 5 = -3*t + j. List the prime factors of 2 + (t - 1)/2.
31
Suppose -k + 2*k = -4*o + 785, -983 = -5*o - 3*k. Let f be (1 - -1)*o/8. Let d = -35 + f. What are the prime factors of d?
2, 7
Let w be (0 + (2 - 3))/(1/(-5)). Suppose 965 = w*x + 4*y + y, 5*x + 2*y = 965. List the prime factors of x.
193
Let p(l) = -1. Let k(m) = 1. Let j(r) = -6*k(r) - 7*p(r). Let g(c) = 3*c + 1. Let h(u) = -g(u) + 2*j(u). List the prime factors of h(-6).
19
Let k = -1 + 5. Suppose 4*b - 40 = -4*y, -k*b + 33 = -3*y + 7. Suppose 2*d = 20 + b. What are the prime factors of d?
2, 7
Suppose 0*m - m + 3 = 3*k, -2*k + 10 = -2*m. Suppose 3*j = -3*b - 6, -k*b + 5*j + 33 = 2. Suppose b*n - 39 = -0*n. What are the prime factors of n?
13
Suppose -2219*d = -2216*d - 255. What are the prime factors of d?
5, 17
Suppose 3*j - 1396 = 332. List the prime factors of j.
2, 3
Suppose 4*t - 1764 = -3*t. Suppose 4*v - 3*v - y - 74 = 0, 3*v + 3*y - t = 0. List the prime factors of v.
79
What are the prime factors of (-25)/(-15) + (-5048)/(-6) + 4?
7, 11
Suppose 0 = -4*a + 20, -v = 3*v - 5*a - 119. Suppose 4*d = -4*l + v, 0 = 4*l - d - 9 - 27. List the prime factors of l.
3
List the prime factors of (2 - 1)/(382460/(-42497) - -9).
7, 467
Let g = 166 - 114. Suppose k - 72 = g. What are the prime factors of k?
2, 31
Let a(u) be the first derivative of -u**3/3 + u**2 + 55*u + 4. List the prime factors of a(0).
5, 11
Let f be (72/9)/(-1*2). Let s be ((-138)/(-7))/(f/(-28)). Suppose 4*v - s = -5*y, 4*v - 64 = 2*v - 5*y. What are the prime factors of v?
37
Let m = 16 + -6. Let y(s) = s - 16. Let i be y(m). List the prime factors of (-1)/i + (-3352)/(-48).
2, 5, 7
Suppose 6*c - 89 - 1 = 0. Suppose -3*o = 21 + 3. Let d = c + o. What are the prime factors of d?
7
Let f(p) = p**2 - 5*p + 1. Let x(a) = -6*a - 1. Let j be x(-3). What are the prime factors of f(j)?
5, 41
Suppose 0 = 17*a - 12*a - 60. What are the prime factors of (-142)/(-4)*(-10 + a)?
71
Let c = 13 - 13. Suppose c*n + 2 = n. Suppose -4*f + 38 = n*l, l + 4*f = 5*l - 52. What are the prime factors of l?
3, 5
Suppose -59 = -4*d - 6*f + f, 5*f + 5 = 0. Let p = d + 0. What are the prime factors of p?
2
Suppose -8610 + 641 = -13*v. List the prime factors of v.
613
List the prime factors of 123 + (0 - (5 - 12)).
2, 5, 13
Suppose 31 = 4*j - 89. Let f = 100 - j. Suppose -5*r = -10*r + f. What are the prime factors of r?
2, 7
Let f(j) = j**2 + 4. List the prime factors of f(-4).
2, 5
What are the prime factors of 12 + -4 + -1 + 3109?
2, 19, 41
Let u(t) = -t**3 - 46*t**2 + 27*t + 153. List the prime factors of u(-47).
1093
Suppose -2*c - 245 = 23*d - 24*d, -5*c - 491 = -2*d. What are the prime factors of d?
3
Let b(z) = -2*z + 3. Let k be b(2). Let n be 5 - (2 + -1 + k). Let o = n + 18. What are the prime factors of o?
23
Suppose -y + 4*k + 131 = 0, k = -2*y + 138 + 160. What are the prime factors of y?
3, 7
Let t(l) = l + 10. Suppose 0 = -4*k - k + 10. Suppose 0 = m - 8 + k. What are the prime factors of t(m)?
2
Suppose 27*x - 6*x = 11235. List the prime factors of x.
5, 107
Let p = 23 + -23. Suppose p = 4*q + 4*d - 104, 2*q - 4*d = -q + 85. What are the prime factors of q?
3
Let p = -1151 - -2273. What are the prime factors of p?
2, 3, 11, 17
Let i(s) = -s**2 + 5*s - 4. Suppose 2*z + 0 = 3*h + 18, 2*z = -4*h + 4. Let c be i(z). Let n = 43 + c. What are the prime 